its digit of m?
4
Let y be (-3)/24 - (-1810)/16. Let n = y + -36. What is the units digit of n?
7
Let d(m) = -m**2 - 11*m - 10. Let y be d(-8). Let w = y - -12. Suppose -72 = -2*p + 2*z, 2*p - 4*z = 54 + w. What is the tens digit of p?
3
What is the thousands digit of 76/(-418) - (-11134)/11?
1
Let u = -2168 + 3255. What is the units digit of u?
7
Let i(v) = 351*v - 3. Let j be i(1). Suppose 2*g = -2*g + j. What is the tens digit of g?
8
What is the units digit of 336 + ((-1)/3 - (-21)/9)?
8
What is the hundreds digit of (-1)/(3 + 15108/(-5034))?
8
Let h = 11 - 26. Let s be 1*(-5)/(h/(-27)). Let u = -2 - s. What is the units digit of u?
7
Let t be 0 - 3 - (-7 - 1). Suppose -t*p - 7 = 3, s - 115 = -3*p. What is the units digit of s?
1
Let o = 15 - 9. Suppose -d = d - o. Suppose d*w - w - 64 = -3*k, w = -3*k + 59. What is the tens digit of k?
1
Let j(i) be the third derivative of -i**5/60 - 11*i**4/24 + 16*i**3/3 - 17*i**2. What is the units digit of j(-13)?
6
What is the units digit of (16/(-64))/(1/(-6))*106?
9
Let y(b) = b**2 + 6*b - 6. Let z be y(7). Let j = 97 - 44. Let h = z - j. What is the units digit of h?
2
Let f = 1728 + -774. What is the hundreds digit of f?
9
Suppose -6*d + 3*d = -5*q - 173, 4*d + 2*q - 196 = 0. What is the units digit of d?
1
Suppose 0 = 5*l - 5*i - 35, -2*l - 2*l = -3*i - 23. Suppose 0 = -5*p - l + 22. Suppose r - p = 1, 0 = z - 5*r + 3. What is the units digit of z?
2
Suppose b = -3*r + 397 + 514, 923 = 3*r - 2*b. What is the tens digit of r?
0
Let y = 1030 + -576. What is the hundreds digit of y?
4
Suppose -18 = -5*c + 27. Suppose -g = -4*t, -2*g + t = -c + 2. Suppose 0 = 2*a + 6, -123 = g*z - 8*z + a. What is the units digit of z?
0
Let b(x) = -14*x + 18. Suppose -4*p + 24 + 28 = 0. Let h be b(p). Let a = -91 - h. What is the tens digit of a?
7
Suppose -9*x = -5*x - 52. Suppose 3*h - t = -178, -h - 63 - x = 3*t. Let i = 85 + h. What is the tens digit of i?
2
Let f(d) = -240*d - 3. Let r be f(-2). Suppose -s - 489 = -4*w, -3*w = -7*w + 5*s + r. What is the tens digit of w?
2
Let t(l) = 5*l**3 + 8*l**2 - 9*l - 45. What is the units digit of t(6)?
9
Let x(o) = -o + 6*o - 13 - 20*o. What is the units digit of x(-4)?
7
Suppose -4*p = -12 + 4, -2*z + 6 = 3*p. Suppose s - 7 + 5 = z. What is the units digit of s?
2
Let o be (-736)/(-12) + 2 + (-14)/6. Let h = o - -1. What is the tens digit of h?
6
What is the hundreds digit of (693 + 7)/7*46/8?
5
What is the thousands digit of (-1 - 318/(-24))*228?
2
Let w = -203 + 656. What is the hundreds digit of w?
4
What is the units digit of 0 - -2 - (-3 - 451)?
6
Let j be 10/25 - 163/(-5). Let z = j + 10. What is the units digit of z?
3
Suppose 0 = -9*p + 3 + 24. Suppose -6*d - 3 = -3*d, 3*d - 60 = -p*i. What is the tens digit of i?
2
Suppose a + q + 6 = -q, -3*a = -4*q - 2. What is the tens digit of (a/(-3))/1*1341/6?
4
Let n(v) = -3*v + 47. Let s be n(14). Suppose 5*u - 380 = -s*g, 3*u = -0*g + 3*g - 252. What is the tens digit of g?
8
Suppose -3*i = 0, -11*a - 6515 = -16*a - 4*i. What is the thousands digit of a?
1
Let v(d) = -d**3 - 11*d**2 - 13*d - 5. Let q = 1 - -1. Suppose 5*f = q*j - 58, 4*j + 5 + 19 = -4*f. What is the units digit of v(f)?
5
Suppose -5*d + 4*d - 2 = 0. Let c = 12 + d. What is the units digit of ((-32)/c)/(18/(-45))?
8
Let t(w) = 4*w**3 - 15*w**2 - 6*w - 1. Let i(p) = -2*p**3 + 7*p**2 + 3*p. Let j(n) = -7*i(n) - 3*t(n). What is the tens digit of j(4)?
5
Let z(q) = q**2 + 2 - q**2 - 5*q - 4*q**2 + 9 + 4*q**3. What is the tens digit of z(4)?
8
Suppose 5*l = -3*s + 5698, -4*s = 3*l + 415 - 3836. What is the tens digit of l?
3
Let c = 20 + -21. What is the tens digit of (-2)/((c - -3)/(-32))?
3
Let w(u) = -u - 3. Suppose -8*k = -3*k + 65. Let m be w(k). Let t = m + -9. What is the units digit of t?
1
Let w(b) = -9*b**2 - b - 2. Let c be w(-1). Let t(v) = -v + 6 - 2 + 10. What is the units digit of t(c)?
4
What is the units digit of 288/360 + (-3671)/(-5)?
5
Let p = -46 - -51. Suppose n - 131 = -p*h, -2*n - h + 218 = -2*h. What is the units digit of n?
1
What is the thousands digit of 548*(243/18 + -8)?
3
Let c be (-7 - -3)*3/(-6). Suppose -3*n - 36 = -u + c*n, 4*n = 16. What is the units digit of u?
6
Let r be 2280/(-40)*(2 + -3). Let p = -6 - 14. Let t = r + p. What is the units digit of t?
7
Let m(b) = 22 + 7*b - 5 - 20*b. What is the tens digit of m(-8)?
2
Let y(m) = -134*m - 52. What is the hundreds digit of y(-3)?
3
Let n = 761 + 185. What is the hundreds digit of n?
9
Let n = 10638 - 4631. What is the hundreds digit of n?
0
Let s(a) = -4*a**2 + 0*a + 14*a**2 - 2*a + 1. What is the units digit of s(1)?
9
Let p(x) = 23*x**2 - 32*x - 8. What is the thousands digit of p(9)?
1
Let v(z) = 61*z**2 - z + z - 64*z**2 + z**3 - 1. Suppose -d + 12 = 2*d + 3*p, 0 = -d + 2*p + 4. What is the tens digit of v(d)?
1
Let d = 10 + 43. Suppose 4*n - 14 - 8 = -2*l, 3*l - 4*n = d. What is the units digit of l?
5
Let l(s) = s**3 - 2*s**2 - 2*s + 1. Let r be l(3). Suppose 0 = 8*q + 1 - 1. Suppose -r*w = -q*w - 20. What is the units digit of w?
5
Suppose -9*c = -4598 - 1369. What is the tens digit of c?
6
What is the hundreds digit of 25632/128 + 3/4?
2
Let x(a) = -2*a + 24. Let d be x(12). Suppose -9*v + 6*v = d. Suppose -4*o + 89 + 27 = v. What is the tens digit of o?
2
Let f = -72 - -195. Let s = f + -41. What is the tens digit of s?
8
Let m(o) = -28*o + 2*o**2 + 41*o + 2 + 2 + 18. What is the units digit of m(-10)?
2
Let j(d) be the first derivative of -2*d**3/3 + 12*d**2 + 17*d - 7. What is the units digit of j(12)?
7
Let x(w) = 2*w**2 - 2*w + 2. Let z be x(3). Let k(r) = -12*r - 31. Let y be k(-3). Let g = z - y. What is the units digit of g?
9
Let a = 347 - 194. What is the hundreds digit of a?
1
What is the tens digit of (-8 + 3 - -3598) + -3?
9
Suppose 1394*j - 1387*j - 714 = 0. What is the hundreds digit of j?
1
Let a be (-22)/(-6) + (-42)/63. Suppose -a*n - 124 = -4*b, 4*b = -0*n - 4*n + 124. What is the tens digit of b?
3
Let a(q) = -6 + q**2 - 8*q**2 + 6*q**2 - q**3 - 3*q**2 + 4*q. Suppose 8*i - 5*i = -18. What is the units digit of a(i)?
2
Let s(j) = -j**3 + 12*j**2 + 15*j - 29. Let r be s(13). What is the units digit of ((-2)/r + (-174)/(-36))*8?
4
What is the tens digit of 5073/9 + 30/90?
6
Suppose 0 = -4*k + 23 + 5. Let z be (k - 2) + -3 + 4. What is the tens digit of 141/z - (-1)/(-2)?
2
Let j = 781 + -547. What is the units digit of j?
4
Let q(g) = 2*g**2 + 109*g - 31. Let x be q(-55). Let v = 18 - 7. Let f = v + x. What is the units digit of f?
5
Let q = 9616 - 6442. What is the thousands digit of q?
3
Suppose -5*k + 1 = -14. Suppose 4*n + 5 = -k. What is the units digit of ((-10)/(-30))/(n/(-78))?
3
Suppose -3*q - q = 4. Let f(l) = 11*l**2. Let j be f(q). What is the units digit of 4/(-1 - j)*-27?
9
Let u(h) = -5*h**2 - 56*h - 15. Let n be u(-11). What is the hundreds digit of (-157)/(n/18 + (-30)/108)?
3
Suppose 1666 = 9*b - 34172. What is the tens digit of b?
8
Suppose -19*u = -20*u + 3. Suppose a + 6*h - 225 = u*h, -4*h + 450 = 2*a. What is the tens digit of a?
2
Suppose -w = -5*x + 305, w - 151 - 93 = -4*x. Suppose -t - 6 = -x. What is the tens digit of t?
5
Suppose 2*q - 5*y - 3099 = 0, 0 = -0*q + q + 4*y - 1582. What is the hundreds digit of q?
5
Suppose -4*a + n = -6*n - 8904, 5*a - n - 11130 = 0. What is the hundreds digit of a?
2
Suppose 2*p + 54 - 22 = 0. What is the units digit of 24/9*(-348)/p?
8
Suppose 2*h - 140 = -3*h. What is the units digit of (-126)/h*100/(-6)?
5
Let s(v) = 11*v - 34. What is the hundreds digit of s(13)?
1
Let p = 541 + -416. What is the hundreds digit of p?
1
Let d be 18/45 - 2/5. Suppose d = -0*c - c + 31. Suppose 5*u = -2*x - 43 + 189, -u - x = -c. What is the tens digit of u?
2
Suppose -23*o = -58085 + 23125. What is the thousands digit of o?
1
Suppose z - 10 = 5*u, -u + 3 = z - 1. Suppose 0 = z*g + g - 6. Let a = 17 - g. What is the tens digit of a?
1
Suppose y + 5*b - 124 = 4*b, -503 = -4*y + 3*b. What is the units digit of y?
5
Suppose -9*v - 6512 = -47111. What is the hundreds digit of v?
5
Let h(q) be the first derivative of q**3 - 4*q + 3/2*q**2 + 4. What is the tens digit of h(-3)?
1
What is the tens digit of (-1 - -6898)*3/(-27)*-6?
9
Suppose -4*z = -9 - 11. What is the tens digit of (-9)/(-15)*z - -54?
5